est common factor of 48 and 6557768.
8
What is the highest common divisor of 823084 and 4858?
694
Calculate the greatest common divisor of 30950942 and 22.
22
What is the highest common divisor of 4996433 and 576745?
6071
Calculate the highest common divisor of 5900 and 949060.
20
What is the highest common factor of 63585132 and 559?
559
Calculate the greatest common divisor of 78889426 and 154.
154
Calculate the greatest common factor of 2115917 and 18113.
59
Calculate the highest common divisor of 464141964 and 15730.
3146
What is the highest common divisor of 25915 and 39055?
365
Calculate the highest common divisor of 3524 and 3920450.
1762
What is the greatest common divisor of 631241071 and 1142?
571
What is the greatest common divisor of 35 and 64147895?
35
What is the highest common divisor of 10201296 and 679?
679
Calculate the greatest common divisor of 1226 and 119962.
2
What is the greatest common divisor of 3365912 and 1656?
184
Calculate the highest common divisor of 7918288 and 70028.
1708
Calculate the greatest common factor of 1251 and 105516.
9
Calculate the greatest common divisor of 835 and 4022506455.
835
Calculate the greatest common divisor of 31772037 and 33.
33
Calculate the greatest common divisor of 11088 and 7265104.
1232
Calculate the greatest common divisor of 34043 and 106.
1
What is the greatest common factor of 500451 and 105?
21
Calculate the highest common divisor of 22509 and 32748094.
2501
Calculate the highest common factor of 150 and 1018475.
25
Calculate the highest common divisor of 1988 and 534804092.
284
Calculate the highest common factor of 234 and 410007.
39
What is the greatest common factor of 1904 and 693107408?
1904
What is the greatest common divisor of 10910 and 23270?
10
Calculate the highest common factor of 38534247 and 27.
9
Calculate the highest common divisor of 23 and 55361069.
23
What is the highest common factor of 146431 and 1743202?
127
What is the highest common divisor of 407875608 and 1372?
196
Calculate the greatest common divisor of 1949 and 2201674207.
1949
Calculate the greatest common divisor of 21248 and 2686627.
83
Calculate the highest common divisor of 19752 and 397032.
24
Calculate the greatest common divisor of 1532904 and 1380.
276
Calculate the highest common factor of 126 and 3403827.
63
Calculate the greatest common divisor of 1690 and 117123760.
1690
What is the greatest common factor of 183584 and 1840?
16
Calculate the highest common factor of 2667 and 14357350.
889
What is the greatest common factor of 23 and 46633?
1
What is the greatest common divisor of 1811003 and 92749?
137
What is the highest common divisor of 21594665 and 5?
5
What is the highest common divisor of 18754344 and 1905?
381
Calculate the greatest common factor of 27138804 and 1277.
1277
Calculate the highest common factor of 408 and 919537344.
408
What is the greatest common divisor of 3234 and 577654?
154
What is the greatest common factor of 4549920 and 3280?
80
Calculate the greatest common divisor of 370998788 and 19.
19
What is the highest common divisor of 527734694 and 79?
79
What is the highest common divisor of 461733888 and 8052?
8052
Calculate the greatest common divisor of 27 and 5162103.
27
What is the greatest common divisor of 579391190 and 140?
70
What is the highest common factor of 10206232 and 16?
8
Calculate the highest common divisor of 1286772838 and 26.
26
What is the highest common factor of 4128 and 86267460?
516
Calculate the greatest common factor of 39404 and 1996.
4
Calculate the greatest common divisor of 28262650 and 260.
130
What is the highest common divisor of 61152282 and 3129?
447
Calculate the greatest common divisor of 4502 and 181574664.
4502
Calculate the greatest common factor of 912 and 29099184.
912
What is the greatest common factor of 1956 and 26592?
12
What is the greatest common factor of 5954973 and 501?
3
Calculate the greatest common factor of 324 and 1694512.
4
Calculate the greatest common factor of 1199628 and 1081.
47
What is the greatest common divisor of 1806 and 8572179?
903
Calculate the greatest common divisor of 297 and 30349143.
99
What is the greatest common factor of 237 and 75859197?
237
Calculate the highest common factor of 18176827 and 132023.
2491
Calculate the greatest common divisor of 146058 and 14784.
66
Calculate the greatest common divisor of 14698244 and 44.
44
What is the greatest common factor of 33 and 80796705?
33
Calculate the greatest common factor of 602073055 and 1005.
335
What is the highest common factor of 343817152 and 10220?
2044
Calculate the greatest common factor of 27954358 and 18639.
2071
Calculate the greatest common factor of 37236 and 119364.
348
What is the greatest common factor of 2424476 and 17689?
361
What is the greatest common factor of 504 and 1105174?
14
What is the greatest common divisor of 74408736 and 656?
16
What is the highest common factor of 4116 and 217344?
12
Calculate the greatest common factor of 821 and 10885639.
821
Calculate the greatest common divisor of 22268504 and 187.
17
What is the highest common divisor of 39267680 and 54720?
3040
What is the highest common factor of 68 and 178910295?
17
What is the greatest common divisor of 252075716 and 146?
146
Calculate the highest common divisor of 12 and 582212508.
12
Calculate the highest common factor of 117 and 178206639.
39
Calculate the greatest common factor of 7239 and 16217013.
57
Calculate the highest common factor of 6031 and 2923731.
163
Calculate the greatest common divisor of 2382156 and 26404.
644
Calculate the highest common divisor of 15376156 and 17676.
1964
Calculate the highest common factor of 2665 and 12215827.
533
Calculate the greatest common divisor of 41 and 1089783731.
41
What is the highest common factor of 923840 and 128?
64
Calculate the highest common divisor of 1057472 and 1820.
52
Calculate the highest common divisor of 5073 and 1594524.
267
What is the highest common factor of 54275 and 42271541?
2171
Calculate the greatest common divisor of 3 and 28909308.
3
Calculate the greatest common divisor of 4 and 11011804.
4
Calculate the highest common factor of 8892 and 144711372.
2964
What is the highest common factor of 39 and 20326839?
39
What is the greatest common factor of 4112 and 561031?
257
What is the highest common factor of 1735554290 and 1780?
890
Calculate the greatest common divisor of 10745 and 697550.
35
Calculate the greatest common factor of 47647 and 19944315.
899
What is the highest common factor of 169 and 523695341?
169
Calculate the greatest common factor of 21192 and 1107910696.
7064
What is the greatest common factor of 1199 and 10247417?
109
What is the greatest common divisor of 7262407 and 1983?
661
Calculate the greatest common factor of 14083628 and 104.
52
What is the highest common factor of 31828181 and 154?
77
What is the greatest common factor of 171 and 9285851?
19
Calculate the greatest common divisor of 22255970 and 110.
110
What is the greatest common factor of 231956010 and 13?
13
Calculate the highest common divisor of 899190 and 918.
18
What is the highest common factor of 760 and 84151640?
40
What is the highest common divisor of 187 and 2637822?
187
What is the highest common factor of 700 and 37349600?
100
Calculate the greatest common divisor of 67 and 4919140.
67
What is the highest common divisor of 159 and 26358967?
53
What is the greatest common factor of 108013216 and 112?
16
What is the greatest common divisor of 19 and 12559342?
19
What is the greatest common divisor of 1343 and 33748247?
1343
What is the highest common divisor of 2760 and 33013740?
1380
What is the highest common divisor of 5523 and 1303691?
263
Calculate the greatest common factor of 1874605 and 3182.
37
Calculate the greatest common factor of 608 and 6682376.
152
What is the highest common factor of 326 and 23827666?
326
What is the greatest common factor of 4967655 and 3105?
345
Calculate the highest common divisor of 11882022 and 6.
6
Calculate the highest common factor of 78 and 18615298.
26
What is the greatest common divisor of 20185 and 3520?
55
Calculate the greatest common factor of 3876 and 5710368.
204
Calculate the highest common divisor of 1327515877 and 797.